{"id":805,"date":"2023-03-17T08:30:05","date_gmt":"2023-03-17T08:30:05","guid":{"rendered":"https:\/\/aldexsoftware.de\/aldexsoftware\/fahrten-planer-copy\/"},"modified":"2023-03-22T14:12:36","modified_gmt":"2023-03-22T14:12:36","slug":"transport-manager","status":"publish","type":"page","link":"https:\/\/aldexsoftware.de\/aldexsoftware\/transport-manager\/","title":{"rendered":"Transport-Manager"},"content":{"rendered":"<p><\/p>\n\n<!--themify_builder_content-->\n<div id=\"themify_builder_content-805\" data-postid=\"805\" class=\"themify_builder_content themify_builder_content-805 themify_builder tf_clear\">\n                    <div  data-zooming-bg=\"desktop\" data-lazy=\"1\" class=\"module_row themify_builder_row tb_m4yu096 tb_first tf_w\">\n                        <div class=\"row_inner col_align_top tb_col_count_2 tf_box tf_rel\">\n                        <div  data-lazy=\"1\" data-zooming-bg=\"desktop\" class=\"module_column tb-column col4-2 tb_unzd046 first\">\n                    <!-- module image -->\n<div  class=\"module module-image tb_hz7w060 image-overlay   tf_mw\" data-lazy=\"1\">\n        <div class=\"image-wrap tf_rel tf_mw\">\n            <img loading=\"lazy\" decoding=\"async\" width=\"653\" height=\"164\" src=\"https:\/\/aldexsoftware.de\/aldexsoftware\/wp-content\/uploads\/2023\/03\/transP.png\" class=\"wp-post-image wp-image-807\" title=\"transP\" alt=\"transP\" srcset=\"https:\/\/aldexsoftware.de\/aldexsoftware\/wp-content\/uploads\/2023\/03\/transP.png 653w, https:\/\/aldexsoftware.de\/aldexsoftware\/wp-content\/uploads\/2023\/03\/transP-300x75.png 300w\" sizes=\"auto, (max-width: 653px) 100vw, 653px\" \/>    \n    \n                <\/div>\n        <!-- \/image-wrap -->\n    <\/div>\n<!-- \/module image -->        <\/div>\n                    <div  data-lazy=\"1\" class=\"module_column tb-column col4-2 tb_2tws948 last\">\n                    <!-- module text -->\n<div  class=\"module module-text tb_pbw8479   \" data-lazy=\"1\">\n        <div  class=\"tb_text_wrap\">\n        <p><strong>Fahrzeug-Transporte stets im \u00dcberblick!<br><\/strong><\/p>\n<p class=\"MsoNormal\"><span style=\"font-size: 16.0pt; line-height: 107%;\">Sie kennen mit Sicherheit das Problem in Ihren Autoh\u00e4usern, dass Fahrzeuge von einer Filiale in eine andere \u00fcberf\u00fchrt werden m\u00fcssen.<\/span><\/p>\n<p class=\"MsoNormal\"><span style=\"font-size: 16.0pt; line-height: 107%;\">Dies geschieht dann leider oft aus der H\u00fcfte heraus und nicht geplant.<\/span><\/p>\n<p class=\"MsoNormal\"><span style=\"font-size: 16.0pt; line-height: 107%;\">Sie k\u00f6nnen mit diesem Tool zum Beispiel Transporte von A nach B oder von B in ein frei zu definierendes Ziel planen.<\/span><\/p>\n<p>\u00a0<\/p>\n<p class=\"MsoNormal\"><span style=\"font-size: 16.0pt; line-height: 107%;\">Es k\u00f6nnte eine Spedition sein, die dann die Auftr\u00e4ge entgegennimmt ODER sie organisieren die Transporte mit Ihrem eigenen LKW.<\/span><\/p>    <\/div>\n<\/div>\n<!-- \/module text -->        <\/div>\n                        <\/div>\n        <\/div>\n                        <div  data-lazy=\"1\" class=\"module_row themify_builder_row tb_yn30400 tf_w\">\n                        <div class=\"row_inner col_align_top tb_col_count_2 tf_box tf_rel\">\n                        <div  data-lazy=\"1\" class=\"module_column tb-column col4-2 tb_6ji3731 first\">\n                    <!-- module link_block -->\n<div  class=\"module module-link-block tb_gi7k824 icon-left solid \" data-lazy=\"1\">\n        <a target=\"_blank\" rel=\"noopener\" href=\"https:\/\/youtu.be\/Ra2zYdDk3Yw\" class=\"tb_link_block_container ui tb_default_color squared\">\n\n                    <div class=\"tf-lb-icon\">\n                <em class=\"tb_link_block_icon tf_inline_b\"><svg  class=\"tf_fa tf-ti-video-camera\" aria-hidden=\"true\"><use href=\"#tf-ti-video-camera\"><\/use><\/svg><\/em>\n            <\/div>\n        \n        <div class=\"tf-lb-content\">\n                            <div class=\"tb_link_block_heading\">Produkt-Video<\/div>\n                                        <div class=\"tb_link_block_blurb\">Klicken Sie hier<\/div>\n                    <\/div>\n\n    <\/a>\n<\/div>\n<!-- \/module buttons -->\n<!-- module image -->\n<div  class=\"module module-image tb_wyai884 image-center   tf_mw\" data-lazy=\"1\">\n        <div class=\"image-wrap tf_rel tf_mw\">\n            <img loading=\"lazy\" decoding=\"async\" width=\"200\" height=\"86\" src=\"https:\/\/aldexsoftware.de\/aldexsoftware\/wp-content\/uploads\/2023\/03\/tm_DashbordThumb.png\" class=\"wp-post-image wp-image-836\" title=\"tm_DashbordThumb\" alt=\"tm_DashbordThumb\">    \n        <\/div>\n    <!-- \/image-wrap -->\n    \n        <\/div>\n<!-- \/module image -->        <\/div>\n                    <div  data-lazy=\"1\" class=\"module_column tb-column col4-2 tb_4me7954 last\">\n                    <!-- module image -->\n<div  class=\"module module-image tb_b577205 image-top   tf_mw\" data-lazy=\"1\">\n        <div class=\"image-wrap tf_rel tf_mw\">\n            <img loading=\"lazy\" decoding=\"async\" width=\"92\" height=\"93\" src=\"https:\/\/aldexsoftware.de\/aldexsoftware\/wp-content\/uploads\/2023\/03\/qrTmp.png\" class=\"wp-post-image wp-image-813\" title=\"qrTmp\" alt=\"qrTmp\">    \n        <\/div>\n    <!-- \/image-wrap -->\n    \n        <\/div>\n<!-- \/module image --><!-- module text -->\n<div  class=\"module module-text tb_e5ym885   \" data-lazy=\"1\">\n        <div  class=\"tb_text_wrap\">\n        <p>Durch einen QR-Code wird das Abstellen des Fahrzeuges am Zielort best\u00e4tigt. Automatisch l\u00f6st dies eine Benachrichtigungs-Mail an den Versender und Empf\u00e4nger des Fahrzeuges aus.<\/p>    <\/div>\n<\/div>\n<!-- \/module text -->        <\/div>\n                        <\/div>\n        <\/div>\n                        <div  data-lazy=\"1\" class=\"module_row themify_builder_row tb_j2td645 tf_w\">\n                        <div class=\"row_inner col_align_top tb_col_count_1 tf_box tf_rel\">\n                        <div  data-lazy=\"1\" class=\"module_column tb-column col-full tb_4z21460 first\">\n                    <!-- module gallery -->\n<div  class=\"module gallery module-gallery tb_pzkg794 layout-grid  \" data-lazy=\"1\">\n    <h3 class=\"module-title\">Sreenshots<\/h3><div class=\"module-gallery-grid\" style=\"--gald:4;--galt:4;--galm:4\">\n            <dl class=\"gallery-item\">\n            <dt class=\"gallery-icon\">\n            <a data-title=\"no\" title=\"Transport-Ticket\" href=\"https:\/\/aldexsoftware.de\/aldexsoftware\/wp-content\/uploads\/2023\/03\/screenTM_ticket.png\" data-rel=\"tb_pzkg794\" class=\"themify_lightbox\"><img loading=\"lazy\" decoding=\"async\" src=\"https:\/\/aldexsoftware.de\/aldexsoftware\/wp-content\/uploads\/2023\/03\/screenTM_ticket-300x200.png\" width=\"300\" height=\"200\" class=\"wp-post-image wp-image-817\" title=\"screenTM_ticket\" alt=\"screenTM_ticket\"><\/a>            <\/dt>\n             \n                <dd class=\"wp-caption-text gallery-caption\">\n                                                                <span class=\"themify_image_caption\">Transport-Ticket<\/span>\n                                    <\/dd>\n                    <\/dl>\n            <dl class=\"gallery-item\">\n            <dt class=\"gallery-icon\">\n            <a data-title=\"no\" title=\"Dashbord\" href=\"https:\/\/aldexsoftware.de\/aldexsoftware\/wp-content\/uploads\/2023\/03\/screenTM_dashbord.png\" data-rel=\"tb_pzkg794\" class=\"themify_lightbox\"><img loading=\"lazy\" decoding=\"async\" src=\"https:\/\/aldexsoftware.de\/aldexsoftware\/wp-content\/uploads\/2023\/03\/screenTM_dashbord-1024x334-300x200.png\" width=\"300\" height=\"200\" class=\"wp-post-image wp-image-816\" title=\"screenTM_dashbord\" alt=\"screenTM_dashbord\"><\/a>            <\/dt>\n             \n                <dd class=\"wp-caption-text gallery-caption\">\n                                                                <span class=\"themify_image_caption\">Dashbord<\/span>\n                                    <\/dd>\n                    <\/dl>\n            <dl class=\"gallery-item\">\n            <dt class=\"gallery-icon\">\n            <a data-title=\"no\" title=\"Auftrag\" href=\"https:\/\/aldexsoftware.de\/aldexsoftware\/wp-content\/uploads\/2023\/03\/screenTM_auftrag.png\" data-rel=\"tb_pzkg794\" class=\"themify_lightbox\"><img loading=\"lazy\" decoding=\"async\" src=\"https:\/\/aldexsoftware.de\/aldexsoftware\/wp-content\/uploads\/2023\/03\/screenTM_auftrag-1024x446-300x200.png\" width=\"300\" height=\"200\" class=\"wp-post-image wp-image-828\" title=\"screenTM_auftrag\" alt=\"screenTM_auftrag\"><\/a>            <\/dt>\n             \n                <dd class=\"wp-caption-text gallery-caption\">\n                                                                <span class=\"themify_image_caption\">Auftrag<\/span>\n                                    <\/dd>\n                    <\/dl>\n            <dl class=\"gallery-item\">\n            <dt class=\"gallery-icon\">\n            <a data-title=\"no\" title=\"QR-Code Abstellung Fzg\" href=\"https:\/\/aldexsoftware.de\/aldexsoftware\/wp-content\/uploads\/2023\/03\/screenTM_abstellen.png\" data-rel=\"tb_pzkg794\" class=\"themify_lightbox\"><img loading=\"lazy\" decoding=\"async\" src=\"https:\/\/aldexsoftware.de\/aldexsoftware\/wp-content\/uploads\/2023\/03\/screenTM_abstellen-300x200.png\" width=\"300\" height=\"200\" class=\"wp-post-image wp-image-830\" title=\"screenTM_abstellen\" alt=\"screenTM_abstellen\"><\/a>            <\/dt>\n             \n                <dd class=\"wp-caption-text gallery-caption\">\n                                                                <span class=\"themify_image_caption\">QR-Code Abstellung Fzg<\/span>\n                                    <\/dd>\n                    <\/dl>\n    <\/div>\n<\/div>\n<!-- \/module gallery -->        <\/div>\n                        <\/div>\n        <\/div>\n        <\/div>\n<!--\/themify_builder_content-->","protected":false},"excerpt":{"rendered":"<p>Fahrzeug-Transporte stets im \u00dcberblick! Sie kennen mit Sicherheit das Problem in Ihren Autoh\u00e4usern, dass Fahrzeuge von einer Filiale in eine andere \u00fcberf\u00fchrt werden m\u00fcssen. Dies geschieht dann leider oft aus der H\u00fcfte heraus und nicht geplant. Sie k\u00f6nnen mit diesem Tool zum Beispiel Transporte von A nach B oder von B in ein frei zu [&hellip;]<\/p>\n","protected":false},"author":1,"featured_media":0,"parent":0,"menu_order":0,"comment_status":"closed","ping_status":"closed","template":"","meta":{"om_disable_all_campaigns":false,"_monsterinsights_skip_tracking":false,"_monsterinsights_sitenote_active":false,"_monsterinsights_sitenote_note":"","_monsterinsights_sitenote_category":0,"footnotes":""},"class_list":["post-805","page","type-page","status-publish","hentry"],"builder_content":"<img src=\"https:\/\/aldexsoftware.de\/aldexsoftware\/wp-content\/uploads\/2023\/03\/transP.png\" title=\"transP\" alt=\"transP\" srcset=\"https:\/\/aldexsoftware.de\/aldexsoftware\/wp-content\/uploads\/2023\/03\/transP.png 653w, https:\/\/aldexsoftware.de\/aldexsoftware\/wp-content\/uploads\/2023\/03\/transP-300x75.png 300w\" sizes=\"(max-width: 653px) 100vw, 653px\" \/>\n<p><strong>Fahrzeug-Transporte stets im \u00dcberblick!<br><\/strong><\/p> <p>Sie kennen mit Sicherheit das Problem in Ihren Autoh\u00e4usern, dass Fahrzeuge von einer Filiale in eine andere \u00fcberf\u00fchrt werden m\u00fcssen.<\/p> <p>Dies geschieht dann leider oft aus der H\u00fcfte heraus und nicht geplant.<\/p> <p>Sie k\u00f6nnen mit diesem Tool zum Beispiel Transporte von A nach B oder von B in ein frei zu definierendes Ziel planen.<\/p> <p>\u00a0<\/p> <p>Es k\u00f6nnte eine Spedition sein, die dann die Auftr\u00e4ge entgegennimmt ODER sie organisieren die Transporte mit Ihrem eigenen LKW.<\/p>\n<img src=\"https:\/\/aldexsoftware.de\/aldexsoftware\/wp-content\/uploads\/2023\/03\/tm_DashbordThumb.png\" title=\"tm_DashbordThumb\" alt=\"tm_DashbordThumb\">\n<img src=\"https:\/\/aldexsoftware.de\/aldexsoftware\/wp-content\/uploads\/2023\/03\/qrTmp.png\" title=\"qrTmp\" alt=\"qrTmp\">\n<p>Durch einen QR-Code wird das Abstellen des Fahrzeuges am Zielort best\u00e4tigt. Automatisch l\u00f6st dies eine Benachrichtigungs-Mail an den Versender und Empf\u00e4nger des Fahrzeuges aus.<\/p>\n<h3>Sreenshots<\/h3>[gallery ids=\"817,816,828,830\"]","_links":{"self":[{"href":"https:\/\/aldexsoftware.de\/aldexsoftware\/wp-json\/wp\/v2\/pages\/805","targetHints":{"allow":["GET"]}}],"collection":[{"href":"https:\/\/aldexsoftware.de\/aldexsoftware\/wp-json\/wp\/v2\/pages"}],"about":[{"href":"https:\/\/aldexsoftware.de\/aldexsoftware\/wp-json\/wp\/v2\/types\/page"}],"author":[{"embeddable":true,"href":"https:\/\/aldexsoftware.de\/aldexsoftware\/wp-json\/wp\/v2\/users\/1"}],"replies":[{"embeddable":true,"href":"https:\/\/aldexsoftware.de\/aldexsoftware\/wp-json\/wp\/v2\/comments?post=805"}],"version-history":[{"count":25,"href":"https:\/\/aldexsoftware.de\/aldexsoftware\/wp-json\/wp\/v2\/pages\/805\/revisions"}],"predecessor-version":[{"id":846,"href":"https:\/\/aldexsoftware.de\/aldexsoftware\/wp-json\/wp\/v2\/pages\/805\/revisions\/846"}],"wp:attachment":[{"href":"https:\/\/aldexsoftware.de\/aldexsoftware\/wp-json\/wp\/v2\/media?parent=805"}],"curies":[{"name":"wp","href":"https:\/\/api.w.org\/{rel}","templated":true}]}}